{"id":3218,"date":"2018-04-14T13:54:17","date_gmt":"2018-04-14T11:54:17","guid":{"rendered":"http:\/\/casadesign.es\/?page_id=3218"},"modified":"2020-10-15T13:00:47","modified_gmt":"2020-10-15T11:00:47","slug":"creacio-de-mobles","status":"publish","type":"page","link":"https:\/\/casadesign.es\/index.php\/ca\/creacio-de-mobles\/","title":{"rendered":"CREACI\u00d3 DE MOBLES"},"content":{"rendered":"<p>[vc_row][vc_column][vc_empty_space][vc_zigzag][vc_column_text]<span style=\"font-size: 18px;\">Creacions i decoracions a mida per a professionals i particulars.<\/span><\/p>\n<p><span style=\"font-size: 18px;\">El nostre equip d&rsquo;artesans assegura que cada creaci\u00f3 de mobles o espai porta la marca de l&rsquo;home.<\/span><\/p>\n<p><span style=\"font-size: 18px;\"><span class=\"tlid-translation translation\" lang=\"ca\"><span title=\"\">Les nostres<\/span> <span title=\"\">creacions<\/span> <span title=\"\">i<\/span> <span title=\"\">decoracions<\/span> <span title=\"\">s&rsquo;apliquen<\/span> <span title=\"\">tamb\u00e9<\/span> <span title=\"\">per a particulars<\/span> <span title=\"\">com<\/span> <span title=\"\">per a professionals,<\/span> <span title=\"\">gabinets<\/span> <span title=\"\">de dentistes<\/span><span title=\"\">,<\/span> <span title=\"\">notaris<\/span><span title=\"\">, advocats<\/span><span title=\"\">, hotels,<\/span> <span title=\"\">restaurants<\/span><span title=\"\">, bars<\/span><span title=\"\">, perruqueries<\/span><span title=\"\">, oficines<\/span><span title=\"\">, escenes<\/span><span title=\"\">, teatres<\/span> <span class=\"\" title=\"\">&#8230;<\/span><\/span><\/span><\/p>\n<p><span style=\"font-size: 18px;\">Trobareu uns visuals general en les fotos de facebook, instagram o b\u00e9 en Houzz de les diferents instal\u00b7lacions, de l&rsquo;estil industrial, barroc, vintage, contemporani &#8230;<\/span><\/p>\n<p><span style=\"font-size: 18px;\">Vingui a descobrir el nostre cat\u00e0leg i tend\u00e8ncies i trobi els productes estrella de les nostres marques a la nostra oficina o showroom, aix\u00ed com les creacions exclusives i \u00faniques dels nostres dissenyadors.<\/span><\/p>\n<p><span id=\"result_box\" class=\"short_text\" lang=\"ca\"><span class=\"\">Per enviar un fitxer adjunt<\/span><\/span>: contact@casadesign.es[\/vc_column_text][vc_empty_space][\/vc_column][\/vc_row][vc_row][vc_column][vc_masonry_media_grid grid_id=\u00a0\u00bbvc_gid:1602750722748-2a56bed03b2ec8d69e5bb183b38b2331-2&Prime; include=\u00a0\u00bb3437,3438,3436&Prime;][vc_zigzag][vc_images_carousel images=\u00a0\u00bb3406,3404,3405&Prime; img_size=\u00a0\u00bbfull\u00a0\u00bb autoplay=\u00a0\u00bbyes\u00a0\u00bb wrap=\u00a0\u00bbyes\u00a0\u00bb][vc_zigzag][\/vc_column][\/vc_row][vc_row][vc_column][vc_images_carousel images=\u00a0\u00bb3522,3521,3603&Prime; img_size=\u00a0\u00bbfull\u00a0\u00bb autoplay=\u00a0\u00bbyes\u00a0\u00bb wrap=\u00a0\u00bbyes\u00a0\u00bb][vc_zigzag][vc_masonry_media_grid grid_id=\u00a0\u00bbvc_gid:1602754921632-724ec1c5-2f22-7&Prime; include=\u00a0\u00bb3605,3604,3606&Prime;][vc_zigzag][\/vc_column][\/vc_row]<\/p>\n","protected":false},"excerpt":{"rendered":"<p>[vc_row][vc_column][vc_empty_space][vc_zigzag][vc_column_text]Creacions i decoracions a mida per a professionals i particulars. El nostre equip d&rsquo;artesans assegura que cada creaci\u00f3 de mobles o espai porta la marca de l&rsquo;home. Les nostres creacions i decoracions s&rsquo;apliquen tamb\u00e9 per a particulars com per a professionals, gabinets de dentistes, notaris, advocats, hotels, restaurants, bars, perruqueries, oficines, escenes, teatres &#8230; Trobareu [&hellip;]<\/p>\n","protected":false},"author":1,"featured_media":0,"parent":0,"menu_order":0,"comment_status":"closed","ping_status":"closed","template":"","meta":[],"_links":{"self":[{"href":"https:\/\/casadesign.es\/index.php\/wp-json\/wp\/v2\/pages\/3218"}],"collection":[{"href":"https:\/\/casadesign.es\/index.php\/wp-json\/wp\/v2\/pages"}],"about":[{"href":"https:\/\/casadesign.es\/index.php\/wp-json\/wp\/v2\/types\/page"}],"author":[{"embeddable":true,"href":"https:\/\/casadesign.es\/index.php\/wp-json\/wp\/v2\/users\/1"}],"replies":[{"embeddable":true,"href":"https:\/\/casadesign.es\/index.php\/wp-json\/wp\/v2\/comments?post=3218"}],"version-history":[{"count":9,"href":"https:\/\/casadesign.es\/index.php\/wp-json\/wp\/v2\/pages\/3218\/revisions"}],"predecessor-version":[{"id":3608,"href":"https:\/\/casadesign.es\/index.php\/wp-json\/wp\/v2\/pages\/3218\/revisions\/3608"}],"wp:attachment":[{"href":"https:\/\/casadesign.es\/index.php\/wp-json\/wp\/v2\/media?parent=3218"}],"curies":[{"name":"wp","href":"https:\/\/api.w.org\/{rel}","templated":true}]}}

CREACIÓ DE MOBLES

<p>[vc_row][vc_column][vc_empty_space][vc_zigzag][vc_column_text]<span style="font-size: 18px;">Creacions i decoracions a mida per a professionals i particulars.</span></p>
<p><span style="font-size: 18px;">El nostre equip d&rsquo;artesans assegura que cada creació de mobles o espai porta la marca de l&rsquo;home.</span></p>
<p><span style="font-size: 18px;"><span class="tlid-translation translation" lang="ca"><span title="">Les nostres</span> <span title="">creacions</span> <span title="">i</span> <span title="">decoracions</span> <span title="">s&rsquo;apliquen</span> <span title="">també</span> <span title="">per a particulars</span> <span title="">com</span> <span title="">per a professionals,</span> <span title="">gabinets</span> <span title="">de dentistes</span><span title="">,</span> <span title="">notaris</span><span title="">, advocats</span><span title="">, hotels,</span> <span title="">restaurants</span><span title="">, bars</span><span title="">, perruqueries</span><span title="">, oficines</span><span title="">, escenes</span><span title="">, teatres</span> <span class="" title="">&#8230;</span></span></span></p>
<p><span style="font-size: 18px;">Trobareu uns visuals general en les fotos de facebook, instagram o bé en Houzz de les diferents instal·lacions, de l&rsquo;estil industrial, barroc, vintage, contemporani &#8230;</span></p>
<p><span style="font-size: 18px;">Vingui a descobrir el nostre catàleg i tendències i trobi els productes estrella de les nostres marques a la nostra oficina o showroom, així com les creacions exclusives i úniques dels nostres dissenyadors.</span></p>
<p><span id="result_box" class="short_text" lang="ca"><span class="">Per enviar un fitxer adjunt</span></span>: contact@casadesign.es[/vc_column_text][vc_empty_space][/vc_column][/vc_row][vc_row][vc_column][vc_masonry_media_grid grid_id= »vc_gid:1602750722748-2a56bed03b2ec8d69e5bb183b38b2331-2&Prime; include= »3437,3438,3436&Prime;][vc_zigzag][vc_images_carousel images= »3406,3404,3405&Prime; img_size= »full » autoplay= »yes » wrap= »yes »][vc_zigzag][/vc_column][/vc_row][vc_row][vc_column][vc_images_carousel images= »3522,3521,3603&Prime; img_size= »full » autoplay= »yes » wrap= »yes »][vc_zigzag][vc_masonry_media_grid grid_id= »vc_gid:1602754921632-724ec1c5-2f22-7&Prime; include= »3605,3604,3606&Prime;][vc_zigzag][/vc_column][/vc_row]</p>

<p>[vc_row][vc_column][vc_empty_space][vc_zigzag][vc_column_text]Creacions i decoracions a mida per a professionals i particulars. El nostre equip d&rsquo;artesans assegura que cada creació de mobles o espai porta la marca de l&rsquo;home. Les nostres creacions i decoracions s&rsquo;apliquen també per a particulars com per a professionals, gabinets de dentistes, notaris, advocats, hotels, restaurants, bars, perruqueries, oficines, escenes, teatres &#8230; Trobareu [&hellip;]</p>
