{"id":3214,"date":"2018-04-14T13:51:37","date_gmt":"2018-04-14T11:51:37","guid":{"rendered":"http:\/\/casadesign.es\/?page_id=3214"},"modified":"2020-10-15T10:16:13","modified_gmt":"2020-10-15T08:16:13","slug":"bany-i-dressing","status":"publish","type":"page","link":"https:\/\/casadesign.es\/index.php\/ca\/bany-i-dressing\/","title":{"rendered":"BANY I DRESSING"},"content":{"rendered":"<p>[vc_row][vc_column][vc_column_text]<span style=\"font-size: 18px;\">Ens encarreguem del seu projecte d&rsquo;A a Z<\/span><\/p>\n<p><span style=\"font-size: 18px;\">De instal\u00b7laci\u00f3 i la instal\u00b7laci\u00f3 del nou bany o vestidor, la instal\u00b7laci\u00f3 d&rsquo;accessoris complementaris, l&#8217;emmagatzematge ben pensat, el mobiliari o les columnes personalitzades o tots els accessoris es troben al seu lloc. Una \u00e0mplia varietat de possibilitats en dutxa i materials com marbre, superf\u00edcie s\u00f2lida, resina acr\u00edlica, cer\u00e0mica&#8230;<\/span><\/p>\n<p><span style=\"font-size: 18px;\">Casa Design ofereix diverses opcions d&rsquo;ambient que van des de l&rsquo;estil contemporani al cl\u00e0ssic, n\u00f2rdics a industrials, mar\u00edtims, r\u00fastics &#8230; Els nostres decoradors s&rsquo;encarreguen de trobar les millors solucions a mida dels vostres requisits i del vostre pressupost.<\/span><\/p>\n<p>&nbsp;<\/p>\n<p><span style=\"font-size: 18px;\">contact@casadesign.es<\/span>[\/vc_column_text][\/vc_column][\/vc_row][vc_row][vc_column][vc_zigzag][vc_empty_space][\/vc_column][\/vc_row][vc_row][vc_column][vc_images_carousel images=\u00a0\u00bb3464,3463,3461&Prime; img_size=\u00a0\u00bbfull\u00a0\u00bb autoplay=\u00a0\u00bbyes\u00a0\u00bb wrap=\u00a0\u00bbyes\u00a0\u00bb][vc_zigzag][vc_images_carousel images=\u00a0\u00bb3582,3583,3584&Prime; img_size=\u00a0\u00bbfull\u00a0\u00bb autoplay=\u00a0\u00bbyes\u00a0\u00bb wrap=\u00a0\u00bbyes\u00a0\u00bb][vc_zigzag][vc_images_carousel images=\u00a0\u00bb3590,3591,3592&Prime; img_size=\u00a0\u00bbfull\u00a0\u00bb autoplay=\u00a0\u00bbyes\u00a0\u00bb wrap=\u00a0\u00bbyes\u00a0\u00bb][vc_zigzag][\/vc_column][\/vc_row]<\/p>\n","protected":false},"excerpt":{"rendered":"<p>[vc_row][vc_column][vc_column_text]Ens encarreguem del seu projecte d&rsquo;A a Z De instal\u00b7laci\u00f3 i la instal\u00b7laci\u00f3 del nou bany o vestidor, la instal\u00b7laci\u00f3 d&rsquo;accessoris complementaris, l&#8217;emmagatzematge ben pensat, el mobiliari o les columnes personalitzades o tots els accessoris es troben al seu lloc. Una \u00e0mplia varietat de possibilitats en dutxa i materials com marbre, superf\u00edcie s\u00f2lida, resina acr\u00edlica, [&hellip;]<\/p>\n","protected":false},"author":1,"featured_media":0,"parent":0,"menu_order":0,"comment_status":"closed","ping_status":"closed","template":"","meta":[],"_links":{"self":[{"href":"https:\/\/casadesign.es\/index.php\/wp-json\/wp\/v2\/pages\/3214"}],"collection":[{"href":"https:\/\/casadesign.es\/index.php\/wp-json\/wp\/v2\/pages"}],"about":[{"href":"https:\/\/casadesign.es\/index.php\/wp-json\/wp\/v2\/types\/page"}],"author":[{"embeddable":true,"href":"https:\/\/casadesign.es\/index.php\/wp-json\/wp\/v2\/users\/1"}],"replies":[{"embeddable":true,"href":"https:\/\/casadesign.es\/index.php\/wp-json\/wp\/v2\/comments?post=3214"}],"version-history":[{"count":7,"href":"https:\/\/casadesign.es\/index.php\/wp-json\/wp\/v2\/pages\/3214\/revisions"}],"predecessor-version":[{"id":3593,"href":"https:\/\/casadesign.es\/index.php\/wp-json\/wp\/v2\/pages\/3214\/revisions\/3593"}],"wp:attachment":[{"href":"https:\/\/casadesign.es\/index.php\/wp-json\/wp\/v2\/media?parent=3214"}],"curies":[{"name":"wp","href":"https:\/\/api.w.org\/{rel}","templated":true}]}}